
{"id":2984,"date":"2024-03-12T21:34:49","date_gmt":"2024-03-13T00:34:49","guid":{"rendered":"https:\/\/www.dbk.net.br\/wp-content\/uploads\/2024\/03\/Carro-eletrico-5.webp"},"modified":"2024-05-07T19:45:34","modified_gmt":"2024-05-07T22:45:34","slug":"carro-eletrico-5","status":"inherit","type":"attachment","link":"https:\/\/www.dbk.net.br\/en\/blog\/geral\/nos-eua-secretario-diz-que-sao-paulo-nao-apostara-em-veiculos-eletricos\/attachment\/carro-eletrico-5\/","title":{"rendered":"Carro-eletrico-5"},"author":3,"featured_media":0,"comment_status":"open","ping_status":"closed","template":"","meta":{"_acf_changed":false,"web_stories_base_color":"#747e87","web_stories_blurhash":"UOC%U2?wnznh?GxaazR+M}ozt8RkXAS5V@jE","web_stories_cropped_origin_id":0,"web_stories_muted_id":0,"web_stories_optimized_id":0,"web_stories_poster_id":0,"web_stories_trim_data":{"original":0},"web_stories_is_gif":false},"web_story_media_source":[],"class_list":["post-2984","attachment","type-attachment","status-inherit","hentry"],"acf":[],"yoast_head":"<!-- This site is optimized with the Yoast SEO plugin v26.6 - https:\/\/yoast.com\/wordpress\/plugins\/seo\/ -->\n<title>Carro-eletrico-5 - DBK<\/title>\n<meta name=\"robots\" content=\"index, follow, max-snippet:-1, max-image-preview:large, max-video-preview:-1\" \/>\n<link rel=\"canonical\" href=\"https:\/\/www.dbk.net.br\/wp-content\/uploads\/2024\/03\/Carro-eletrico-5.webp\" \/>\n<meta property=\"og:locale\" content=\"en_US\" \/>\n<meta property=\"og:type\" content=\"article\" \/>\n<meta property=\"og:title\" content=\"Carro-eletrico-5 - DBK\" \/>\n<meta property=\"og:url\" content=\"https:\/\/www.dbk.net.br\/wp-content\/uploads\/2024\/03\/Carro-eletrico-5.webp\" \/>\n<meta property=\"og:site_name\" content=\"DBK\" \/>\n<meta property=\"article:modified_time\" content=\"2024-05-07T22:45:34+00:00\" \/>\n<meta property=\"og:image\" content=\"https:\/\/www.dbk.net.br\/wp-content\/uploads\/2024\/03\/Carro-eletrico-5.webp\" \/>\n\t<meta property=\"og:image:width\" content=\"1200\" \/>\n\t<meta property=\"og:image:height\" content=\"800\" \/>\n\t<meta property=\"og:image:type\" content=\"image\/webp\" \/>\n<meta name=\"twitter:card\" content=\"summary_large_image\" \/>\n<script type=\"application\/ld+json\" class=\"yoast-schema-graph\">{\"@context\":\"https:\/\/schema.org\",\"@graph\":[{\"@type\":\"WebPage\",\"@id\":\"https:\/\/www.dbk.net.br\/wp-content\/uploads\/2024\/03\/Carro-eletrico-5.webp\",\"url\":\"https:\/\/www.dbk.net.br\/wp-content\/uploads\/2024\/03\/Carro-eletrico-5.webp\",\"name\":\"Carro-eletrico-5 - DBK\",\"isPartOf\":{\"@id\":\"https:\/\/www.dbk.net.br\/#website\"},\"datePublished\":\"2024-03-13T00:34:49+00:00\",\"dateModified\":\"2024-05-07T22:45:34+00:00\",\"breadcrumb\":{\"@id\":\"https:\/\/www.dbk.net.br\/wp-content\/uploads\/2024\/03\/Carro-eletrico-5.webp#breadcrumb\"},\"inLanguage\":\"en-US\",\"potentialAction\":[{\"@type\":\"ReadAction\",\"target\":[\"https:\/\/www.dbk.net.br\/wp-content\/uploads\/2024\/03\/Carro-eletrico-5.webp\"]}]},{\"@type\":\"BreadcrumbList\",\"@id\":\"https:\/\/www.dbk.net.br\/wp-content\/uploads\/2024\/03\/Carro-eletrico-5.webp#breadcrumb\",\"itemListElement\":[{\"@type\":\"ListItem\",\"position\":1,\"name\":\"In\u00edcio\",\"item\":\"https:\/\/www.dbk.net.br\/\"},{\"@type\":\"ListItem\",\"position\":2,\"name\":\"Nos EUA, secret\u00e1rio diz que S\u00e3o Paulo n\u00e3o apostar\u00e1 em ve\u00edculos el\u00e9tricos\",\"item\":\"https:\/\/www.dbk.net.br\/blog\/geral\/nos-eua-secretario-diz-que-sao-paulo-nao-apostara-em-veiculos-eletricos\/\"},{\"@type\":\"ListItem\",\"position\":3,\"name\":\"Carro-eletrico-5\"}]},{\"@type\":\"WebSite\",\"@id\":\"https:\/\/www.dbk.net.br\/#website\",\"url\":\"https:\/\/www.dbk.net.br\/\",\"name\":\"DBK\",\"description\":\"Dealership Brokers\",\"potentialAction\":[{\"@type\":\"SearchAction\",\"target\":{\"@type\":\"EntryPoint\",\"urlTemplate\":\"https:\/\/www.dbk.net.br\/?s={search_term_string}\"},\"query-input\":{\"@type\":\"PropertyValueSpecification\",\"valueRequired\":true,\"valueName\":\"search_term_string\"}}],\"inLanguage\":\"en-US\"}]}<\/script>\n<!-- \/ Yoast SEO plugin. -->","yoast_head_json":{"title":"Carro-eletrico-5 - DBK","robots":{"index":"index","follow":"follow","max-snippet":"max-snippet:-1","max-image-preview":"max-image-preview:large","max-video-preview":"max-video-preview:-1"},"canonical":"https:\/\/www.dbk.net.br\/wp-content\/uploads\/2024\/03\/Carro-eletrico-5.webp","og_locale":"en_US","og_type":"article","og_title":"Carro-eletrico-5 - DBK","og_url":"https:\/\/www.dbk.net.br\/wp-content\/uploads\/2024\/03\/Carro-eletrico-5.webp","og_site_name":"DBK","article_modified_time":"2024-05-07T22:45:34+00:00","og_image":[{"width":1200,"height":800,"url":"https:\/\/www.dbk.net.br\/wp-content\/uploads\/2024\/03\/Carro-eletrico-5.webp","type":"image\/webp"}],"twitter_card":"summary_large_image","schema":{"@context":"https:\/\/schema.org","@graph":[{"@type":"WebPage","@id":"https:\/\/www.dbk.net.br\/wp-content\/uploads\/2024\/03\/Carro-eletrico-5.webp","url":"https:\/\/www.dbk.net.br\/wp-content\/uploads\/2024\/03\/Carro-eletrico-5.webp","name":"Carro-eletrico-5 - DBK","isPartOf":{"@id":"https:\/\/www.dbk.net.br\/#website"},"datePublished":"2024-03-13T00:34:49+00:00","dateModified":"2024-05-07T22:45:34+00:00","breadcrumb":{"@id":"https:\/\/www.dbk.net.br\/wp-content\/uploads\/2024\/03\/Carro-eletrico-5.webp#breadcrumb"},"inLanguage":"en-US","potentialAction":[{"@type":"ReadAction","target":["https:\/\/www.dbk.net.br\/wp-content\/uploads\/2024\/03\/Carro-eletrico-5.webp"]}]},{"@type":"BreadcrumbList","@id":"https:\/\/www.dbk.net.br\/wp-content\/uploads\/2024\/03\/Carro-eletrico-5.webp#breadcrumb","itemListElement":[{"@type":"ListItem","position":1,"name":"In\u00edcio","item":"https:\/\/www.dbk.net.br\/"},{"@type":"ListItem","position":2,"name":"Nos EUA, secret\u00e1rio diz que S\u00e3o Paulo n\u00e3o apostar\u00e1 em ve\u00edculos el\u00e9tricos","item":"https:\/\/www.dbk.net.br\/blog\/geral\/nos-eua-secretario-diz-que-sao-paulo-nao-apostara-em-veiculos-eletricos\/"},{"@type":"ListItem","position":3,"name":"Carro-eletrico-5"}]},{"@type":"WebSite","@id":"https:\/\/www.dbk.net.br\/#website","url":"https:\/\/www.dbk.net.br\/","name":"DBK","description":"Dealership Brokers","potentialAction":[{"@type":"SearchAction","target":{"@type":"EntryPoint","urlTemplate":"https:\/\/www.dbk.net.br\/?s={search_term_string}"},"query-input":{"@type":"PropertyValueSpecification","valueRequired":true,"valueName":"search_term_string"}}],"inLanguage":"en-US"}]}},"web_stories_media_source":"","web_stories_is_muted":null,"featured_media_src":[],"description":{"rendered":"<p class=\"attachment\"><a href='https:\/\/www.dbk.net.br\/wp-content\/uploads\/2024\/03\/Carro-eletrico-5.webp'><img loading=\"lazy\" decoding=\"async\" width=\"300\" height=\"200\" src=\"https:\/\/www.dbk.net.br\/wp-content\/uploads\/2024\/03\/Carro-eletrico-5-300x200.webp\" class=\"attachment-medium size-medium\" alt=\"\" srcset=\"https:\/\/www.dbk.net.br\/wp-content\/uploads\/2024\/03\/Carro-eletrico-5-300x200.webp 300w, https:\/\/www.dbk.net.br\/wp-content\/uploads\/2024\/03\/Carro-eletrico-5-1024x683.webp 1024w, https:\/\/www.dbk.net.br\/wp-content\/uploads\/2024\/03\/Carro-eletrico-5-768x512.webp 768w, https:\/\/www.dbk.net.br\/wp-content\/uploads\/2024\/03\/Carro-eletrico-5-18x12.webp 18w, https:\/\/www.dbk.net.br\/wp-content\/uploads\/2024\/03\/Carro-eletrico-5-150x100.webp 150w, https:\/\/www.dbk.net.br\/wp-content\/uploads\/2024\/03\/Carro-eletrico-5.webp 1200w\" sizes=\"auto, (max-width: 300px) 100vw, 300px\" \/><\/a><\/p>\n"},"caption":{"rendered":""},"alt_text":"","media_type":"image","mime_type":"image\/webp","media_details":{"width":1200,"height":800,"file":"2024\/03\/Carro-eletrico-5.webp","filesize":37610,"sizes":{"medium":{"file":"Carro-eletrico-5-300x200.webp","width":300,"height":200,"filesize":8148,"mime_type":"image\/webp","source_url":"https:\/\/www.dbk.net.br\/wp-content\/uploads\/2024\/03\/Carro-eletrico-5-300x200.webp"},"large":{"file":"Carro-eletrico-5-1024x683.webp","width":1024,"height":683,"filesize":32134,"mime_type":"image\/webp","source_url":"https:\/\/www.dbk.net.br\/wp-content\/uploads\/2024\/03\/Carro-eletrico-5-1024x683.webp"},"thumbnail":{"file":"Carro-eletrico-5-150x150.webp","width":150,"height":150,"filesize":4490,"mime_type":"image\/webp","source_url":"https:\/\/www.dbk.net.br\/wp-content\/uploads\/2024\/03\/Carro-eletrico-5-150x150.webp"},"medium_large":{"file":"Carro-eletrico-5-768x512.webp","width":768,"height":512,"filesize":22776,"mime_type":"image\/webp","source_url":"https:\/\/www.dbk.net.br\/wp-content\/uploads\/2024\/03\/Carro-eletrico-5-768x512.webp"},"trp-custom-language-flag":{"file":"Carro-eletrico-5-18x12.webp","width":18,"height":12,"filesize":214,"mime_type":"image\/webp","source_url":"https:\/\/www.dbk.net.br\/wp-content\/uploads\/2024\/03\/Carro-eletrico-5-18x12.webp"},"post-thumbnail":{"file":"Carro-eletrico-5-482x260.webp","width":482,"height":260,"filesize":11810,"mime_type":"image\/webp","source_url":"https:\/\/www.dbk.net.br\/wp-content\/uploads\/2024\/03\/Carro-eletrico-5-482x260.webp"},"thumb":{"file":"Carro-eletrico-5-800x400.webp","width":800,"height":400,"filesize":20156,"mime_type":"image\/webp","source_url":"https:\/\/www.dbk.net.br\/wp-content\/uploads\/2024\/03\/Carro-eletrico-5-800x400.webp"},"web-stories-poster-portrait":{"file":"Carro-eletrico-5-640x800.webp","width":640,"height":800,"filesize":24430,"mime_type":"image\/webp","source_url":"https:\/\/www.dbk.net.br\/wp-content\/uploads\/2024\/03\/Carro-eletrico-5-640x800.webp"},"web-stories-publisher-logo":{"file":"Carro-eletrico-5-96x96.webp","width":96,"height":96,"filesize":2556,"mime_type":"image\/webp","source_url":"https:\/\/www.dbk.net.br\/wp-content\/uploads\/2024\/03\/Carro-eletrico-5-96x96.webp"},"web-stories-thumbnail":{"file":"Carro-eletrico-5-150x100.webp","width":150,"height":100,"filesize":3622,"mime_type":"image\/webp","source_url":"https:\/\/www.dbk.net.br\/wp-content\/uploads\/2024\/03\/Carro-eletrico-5-150x100.webp"},"full":{"file":"Carro-eletrico-5.webp","width":1200,"height":800,"mime_type":"image\/webp","source_url":"https:\/\/www.dbk.net.br\/wp-content\/uploads\/2024\/03\/Carro-eletrico-5.webp"}},"image_meta":{"aperture":"0","credit":"","camera":"","caption":"","created_timestamp":"0","copyright":"","focal_length":"0","iso":"0","shutter_speed":"0","title":"","orientation":"0","keywords":[]}},"post":2982,"source_url":"https:\/\/www.dbk.net.br\/wp-content\/uploads\/2024\/03\/Carro-eletrico-5.webp","_links":{"self":[{"href":"https:\/\/www.dbk.net.br\/en\/wp-json\/wp\/v2\/media\/2984","targetHints":{"allow":["GET"]}}],"collection":[{"href":"https:\/\/www.dbk.net.br\/en\/wp-json\/wp\/v2\/media"}],"about":[{"href":"https:\/\/www.dbk.net.br\/en\/wp-json\/wp\/v2\/types\/attachment"}],"author":[{"embeddable":true,"href":"https:\/\/www.dbk.net.br\/en\/wp-json\/wp\/v2\/users\/3"}],"replies":[{"embeddable":true,"href":"https:\/\/www.dbk.net.br\/en\/wp-json\/wp\/v2\/comments?post=2984"}],"wp:term":[{"taxonomy":"web_story_media_source","embeddable":true,"href":"https:\/\/www.dbk.net.br\/en\/wp-json\/web-stories\/v1\/web_story_media_source?post=2984"}],"curies":[{"name":"wp","href":"https:\/\/api.w.org\/{rel}","templated":true}]}}

<!-- This site is optimized with the Yoast SEO plugin v26.6 - https://yoast.com/wordpress/plugins/seo/ -->
<title>Carro-eletrico-5 - DBK</title>
<meta name="robots" content="index, follow, max-snippet:-1, max-image-preview:large, max-video-preview:-1" />
<link rel="canonical" href="https://www.dbk.net.br/wp-content/uploads/2024/03/Carro-eletrico-5.webp" />
<meta property="og:locale" content="en_US" />
<meta property="og:type" content="article" />
<meta property="og:title" content="Carro-eletrico-5 - DBK" />
<meta property="og:url" content="https://www.dbk.net.br/wp-content/uploads/2024/03/Carro-eletrico-5.webp" />
<meta property="og:site_name" content="DBK" />
<meta property="article:modified_time" content="2024-05-07T22:45:34+00:00" />
<meta property="og:image" content="https://www.dbk.net.br/wp-content/uploads/2024/03/Carro-eletrico-5.webp" />
	<meta property="og:image:width" content="1200" />
	<meta property="og:image:height" content="800" />
	<meta property="og:image:type" content="image/webp" />
<meta name="twitter:card" content="summary_large_image" />
<script type="application/ld+json" class="yoast-schema-graph">{"@context":"https://schema.org","@graph":[{"@type":"WebPage","@id":"https://www.dbk.net.br/wp-content/uploads/2024/03/Carro-eletrico-5.webp","url":"https://www.dbk.net.br/wp-content/uploads/2024/03/Carro-eletrico-5.webp","name":"Carro-eletrico-5 - DBK","isPartOf":{"@id":"https://www.dbk.net.br/#website"},"datePublished":"2024-03-13T00:34:49+00:00","dateModified":"2024-05-07T22:45:34+00:00","breadcrumb":{"@id":"https://www.dbk.net.br/wp-content/uploads/2024/03/Carro-eletrico-5.webp#breadcrumb"},"inLanguage":"en-US","potentialAction":[{"@type":"ReadAction","target":["https://www.dbk.net.br/wp-content/uploads/2024/03/Carro-eletrico-5.webp"]}]},{"@type":"BreadcrumbList","@id":"https://www.dbk.net.br/wp-content/uploads/2024/03/Carro-eletrico-5.webp#breadcrumb","itemListElement":[{"@type":"ListItem","position":1,"name":"Início","item":"https://www.dbk.net.br/"},{"@type":"ListItem","position":2,"name":"Nos EUA, secretário diz que São Paulo não apostará em veículos elétricos","item":"https://www.dbk.net.br/blog/geral/nos-eua-secretario-diz-que-sao-paulo-nao-apostara-em-veiculos-eletricos/"},{"@type":"ListItem","position":3,"name":"Carro-eletrico-5"}]},{"@type":"WebSite","@id":"https://www.dbk.net.br/#website","url":"https://www.dbk.net.br/","name":"DBK","description":"Dealership Brokers","potentialAction":[{"@type":"SearchAction","target":{"@type":"EntryPoint","urlTemplate":"https://www.dbk.net.br/?s={search_term_string}"},"query-input":{"@type":"PropertyValueSpecification","valueRequired":true,"valueName":"search_term_string"}}],"inLanguage":"en-US"}]}</script>
<!-- / Yoast SEO plugin. -->

Início

Nos EUA, secretário diz que São Paulo não apostará em veículos elétricos
